{"id":7,"date":"2022-03-31T19:47:57","date_gmt":"2022-03-31T17:47:57","guid":{"rendered":"https:\/\/notariuszkrol.pl\/?page_id=7"},"modified":"2022-11-15T11:44:00","modified_gmt":"2022-11-15T10:44:00","slug":"czynnosci-notarialne","status":"publish","type":"page","link":"https:\/\/notariuszkrol.pl\/index.php\/czynnosci-notarialne\/","title":{"rendered":"Czynno\u015bci notarialne"},"content":{"rendered":"    <!--[section]-->\n\t\t\t\t<section id=section4 class=\" bd-section-2123792829  bd-tagstyles\" data-section-title=\"One \u0421olumn\">\n\t\t\t<div class=\"bd-container-inner bd-margins clearfix\">\n\t\t\t\t<!--{content}-->\n\t\t\t\t\t    <!--[columns]-->\n        <style>\n.bd-layoutcontainer-1976229901  > .bd-container-inner > .container-fluid:after{display:none;}<\/style><style>\n.bd-layoutcontainer-1976229901 > .bd-container-inner > .container-fluid, .bd-layoutcontainer-1976229901 > .bd-container-inner > .container-fluid > .row{height:100%;}<\/style><style>.bd-layoutcontainer-1976229901 > .bd-container-inner > .container-fluid {padding-left: 0; padding-right: 0;}<\/style>        <style>\n.bd-layoutcolumn-1126266733 h2{\n\ttext-align:  center;\n}\n<\/style>        <div class=\" bd-layoutcontainer-1976229901  bd-columns bd-no-margins\">\n            <div class=\"bd-container-inner\">\n                <div class=\"container-fluid\">\n                    <div class=\"row bd-row-flex bd-row-align-middle\">\n                        <!--{content}-->\n                                <!--[column]-->\n        <div class=\"col-xs-12 bd-columnwrapper-1126266733\">\n            <div class=\"bd-column  bd-layoutcolumn-1126266733 \">\n                <div class=\"bd-vertical-align-wrapper\">\n                    <!--{content}-->\n                            <!--[text]-->\n        <style>\nh2.additional-class-1846053830{\n\tline-height:  51.42857144px;\n\tfont-size:  36px;\n}\n<\/style>        <h2 class=\" additional-class-1846053830  bd-content-element\">\n            <!--{content}-->\n                Czynno\u015bci notarialne            <!--{\/content}-->\n        <\/h2>\n    <!--[\/text]-->\n                    <!--{\/content}-->\n                <\/div>\n            <\/div>\n        <\/div>\n    <!--[\/column]-->\n                        <!--{\/content}-->\n                    <\/div>\n                <\/div>\n            <\/div>\n        <\/div>\n    <!--[\/columns]-->\n\t\t\t\t<!--{\/content}-->\n\t\t\t<\/div>\n\t\t<\/section>\n\t<!--[\/section]-->\n\n\n    <!--[separator]-->\n    <style>\n.bd-separator-869352474{padding:10px 0px 30px;}<\/style>        <style>\n.bd-separator-869352474 .bd-separator-inner:before, .bd-separator-869352474 .bd-separator-inner:after{border-top:1px solid #0c3240;}<\/style>    <style>\n.bd-separator-869352474 .bd-separator-inner{width:55%;}<\/style>\n    <div class=\" bd-separator-869352474  bd-separator-center bd-separator-content-center clearfix\">\n        <div class=\"bd-container-inner\">\n            <div class=\"bd-separator-inner\">\n                                <!--{content}--><!--{\/content}-->\n            <\/div>\n        <\/div>\n    <\/div>\n    <!--[\/separator]-->\n\n    \n<!--[container_effect]--> <div class=\"container-effect container  bd-containereffect-1700874465 \"><!--{content}-->    <!--[text]-->\n        <style>\n.additional-class-1102131867{\n\tfont-weight:  normal;\n\ttext-align:  justify;\n}\n<\/style>        <p class=\" additional-class-1102131867  bd-content-element\">\n            <!--{content}-->\n                Najwa\u017cniejszym z moich cel\u00f3w jest zapewnienie moim klientom pe\u0142nej realizacji ich&nbsp;woli, w oparciu o obowi\u0105zuj\u0105ce przepisy. Z uwagi na donios\u0142o\u015b\u0107 czynno\u015bci&nbsp;notarialnych, ich nieodwracalne skutki, do ka\u017cdej czynno\u015bci i ka\u017cdej osoby&nbsp;podchodz\u0119 indywidulanie i cierpliwie, staram si\u0119 w prosty spos\u00f3b m\u00f3wi\u0107 o trudnych&nbsp;sprawach.            <!--{\/content}-->\n        <\/p>\n    <!--[\/text]-->\n<!--{\/content}--><\/div><!--[\/container_effect]-->\n<!--[container_effect]--> <div class=\"container-effect container  bd-containereffect-433267148 \"><!--{content}-->    <!--[text]-->\n        <style>\n.additional-class-856698325{\n\tfont-weight:  normal;\n\ttext-align:  justify;\n}\n<\/style>        <p class=\" additional-class-856698325  bd-content-element\">\n            <!--{content}-->\n                Dla mo\u017cliwie pe\u0142nego zrozumienia okoliczno\u015bci i skutk\u00f3w czynno\u015bci udzielam porad i&nbsp;wyja\u015bnie\u0144, wi\u0119c warto z wyprzedzeniem planowanej czynno\u015bci skontaktowa\u0107 si\u0119 ze&nbsp;mn\u0105 w celu uzyskania odpowiedzi na pytania. Wszelkie okoliczno\u015bci czynno\u015bci&nbsp;notarialnych obj\u0119te s\u0105 tajemnic\u0105.            <!--{\/content}-->\n        <\/p>\n    <!--[\/text]-->\n<!--{\/content}--><\/div><!--[\/container_effect]-->\n<!--[container_effect]--> <div class=\"container-effect container  bd-containereffect-780024545 \"><!--{content}-->    <!--[text]-->\n        <style>\n.additional-class-2123496666{\n\tfont-weight:  normal;\n\ttext-align:  justify;\n}\n<\/style>        <p class=\" additional-class-2123496666  bd-content-element\">\n            <!--{content}-->\n                Ufam, \u017ce moje szerokie do\u015bwiadczenie zawodowe i sta\u0142e podnoszenie kwalifikacji,&nbsp;zapewni Pa\u0144stwu profesjonaln\u0105 obs\u0142ug\u0119.            <!--{\/content}-->\n        <\/p>\n    <!--[\/text]-->\n<!--{\/content}--><\/div><!--[\/container_effect]-->\n<!--[container_effect]--> <div class=\"container-effect container  bd-containereffect-754431301 \"><!--{content}-->    <!--[text]-->\n        <style>\n.additional-class-1483299824{\n\tfont-weight:  normal;\n\ttext-align:  justify;\n}\n<\/style>        <p class=\" additional-class-1483299824  bd-content-element\">\n            <!--{content}-->\n                Jako notariusz dokonuj\u0119 czynno\u015bci, kt\u00f3rym strony s\u0105 zobowi\u0105zane lub chc\u0105 nada\u0107&nbsp;form\u0119 notarialn\u0105.            <!--{\/content}-->\n        <\/p>\n    <!--[\/text]-->\n<!--{\/content}--><\/div><!--[\/container_effect]-->\n\n    <!--[spacer]-->\n    <style>\n.bd-spacer-180537141{height:20px;}<\/style>    <div class=\" bd-spacer-180537141  clearfix\">\n        <!--{content}--><!--{\/content}-->\n    <\/div>\n    <!--[\/spacer]-->\n\n    \n<!--[container_effect]--> <div class=\"container-effect container  bd-containereffect-310027152 \"><!--{content}-->    <!--[text]-->\n                <p class=\" additional-class-1316965826  bd-content-element\">\n            <!--{content}-->\n                1. Sporz\u0105dzam w szczeg\u00f3lno\u015bci akty notarialne, w tym:<br>            <!--{\/content}-->\n        <\/p>\n    <!--[\/text]-->\n<!--{\/content}--><\/div><!--[\/container_effect]-->\n<!--[container_effect]--> <div class=\"container-effect container  bd-containereffect-648959191 \"><!--{content}-->    <!--[text]-->\n                <ul class=\" additional-class-946985885  bd-content-element\">\n            <!--{content}-->\n                <li>Umowy sprzeda\u017cy,<\/li><li>Umowy przedwst\u0119pne,<\/li><li>Umowy darowizn,<\/li><li>Umowy deweloperskie,<\/li><li>Umowy zamiany,<\/li><li>Umowy ustanowienia odr\u0119bnej w\u0142asno\u015bci lokali,<\/li><li>Umowy sp\u00f3\u0142ek,<\/li><li>Umowy maj\u0105tkowe ma\u0142\u017ce\u0144skie,<\/li><li>Umowy o podzia\u0142 maj\u0105tku wsp\u00f3lnego ma\u0142\u017conk\u00f3w i by\u0142ych ma\u0142\u017conk\u00f3w,<\/li><li>Umowy ustanowienia s\u0142u\u017cebno\u015bci,<\/li><li>Pe\u0142nomocnictwa,<\/li><li>Testamenty,<\/li><li>O\u015bwiadczenia o poddaniu si\u0119 egzekucji,<\/li><li>O\u015bwiadczenia o przyj\u0119ciu i odrzuceniu spadku,<\/li><li>O\u015bwiadczenia o ustanowieniu hipotek,<\/li><li>Protoko\u0142y, w tym protoko\u0142y dziedziczenia i protoko\u0142y zgromadze\u0144 wsp\u00f3lnik\u00f3w sp\u00f3\u0142ek,<\/li><li>Inne akty notarialne, kt\u00f3rym strony musz\u0105 lub chc\u0105 nada\u0107 form\u0119 aktu notarialnego,<\/li>            <!--{\/content}-->\n        <\/ul>\n    <!--[\/text]-->\n<!--{\/content}--><\/div><!--[\/container_effect]-->\n<!--[container_effect]--> <div class=\"container-effect container  bd-containereffect-38119590 \"><!--{content}-->    <!--[text]-->\n        <style>\n.additional-class-22787823{\n\ttext-align:  justify;\n}\n<\/style>        <p class=\" additional-class-22787823  bd-content-element\">\n            <!--{content}-->\n                2. Sporz\u0105dzam akty po\u015bwiadczenia dziedziczenia oraz czynno\u015bci dotycz\u0105ce&nbsp;europejskiego po\u015bwiadczenia spadkowego,<br>3. Sporz\u0105dzam czynno\u015bci zwi\u0105zane z zarz\u0105dem sukcesyjnym przedsi\u0119biorstwem osoby&nbsp;fizycznej,<br>4. Sporz\u0105dzam po\u015bwiadczenia, w tym: w\u0142asnor\u0119czno\u015bci podpis\u00f3w, zgodno\u015bci kopii,&nbsp;wyci\u0105gu i odpisu z okazanym dokumentem, daty okazania dokument\u00f3w,&nbsp;pozostawania os\u00f3b przy \u017cyciu lub w okre\u015blonym miejscu w danej chwili,<br>5. Przyjmuj\u0119 na przechowanie pieni\u0105dze, papiery warto\u015bciowe, dokumenty, dane na&nbsp;informatycznym no\u015bniku danych,<br>6. Sporz\u0105dzam wypisy, odpisy i wyci\u0105gi dokument\u00f3w,<br>7. Na \u017c\u0105danie stron, sporz\u0105dzam projekty akt\u00f3w, o\u015bwiadcze\u0144 i innych dokument\u00f3w,<br>8. Sk\u0142adam wnioski o wpis do ksi\u0105g wieczystych,<br>9. Prowadz\u0119 rejestry akcjonariuszy prostych sp\u00f3\u0142ek akcyjnych.            <!--{\/content}-->\n        <\/p>\n    <!--[\/text]-->\n<!--{\/content}--><\/div><!--[\/container_effect]-->\n\n    <!--[spacer]-->\n    <style>\n.bd-spacer-1046986639{height:20px;}<\/style>    <div class=\" bd-spacer-1046986639  clearfix\">\n        <!--{content}--><!--{\/content}-->\n    <\/div>\n    <!--[\/spacer]-->\n\n    \n<!--[container_effect]--> <div class=\"container-effect container  bd-containereffect-1737106038 \"><!--{content}-->    <!--[text]-->\n        <style>\n.additional-class-615811160{\n\tline-height:  20px;\n\tfont-weight:  bold;\n\tfont-size:  14px;\n}\n<\/style>        <p class=\" additional-class-615811160  bd-content-element\">\n            <!--{content}-->\n                Wymagane dokumenty:            <!--{\/content}-->\n        <\/p>\n    <!--[\/text]-->\n<!--{\/content}--><\/div><!--[\/container_effect]-->\n<!--[container_effect]--> <div class=\"container-effect container  bd-containereffect-1128381717 \"><!--{content}-->    <!--[text]-->\n        <style>\n.additional-class-2095906852{\n\tline-height:  20px;\n\tfont-size:  14px;\n\ttext-align:  justify;\n}\n<\/style>        <p class=\" additional-class-2095906852  bd-content-element\">\n            <!--{content}-->\n                W celu uzyskania informacji jakie dokumenty nale\u017cy uzyska\u0107 przed sporz\u0105dzeniem&nbsp;okre\u015blonej czynno\u015bci notarialnej prosz\u0119 skontaktuj si\u0119 ze mn\u0105. Zar\u00f3wno ja jak i&nbsp;wykwalifikowani pracownicy mojej kancelarii jeste\u015bmy do Pa\u0144stwa dyspozycji, w celu&nbsp;przekazania Pa\u0144stwu wszelkich informacji i wyja\u015bnie\u0144.            <!--{\/content}-->\n        <\/p>\n    <!--[\/text]-->\n<!--{\/content}--><\/div><!--[\/container_effect]-->\n\n    <!--[spacer]-->\n    <style>\n.bd-spacer-160039037{height:20px;}<\/style>    <div class=\" bd-spacer-160039037  clearfix\">\n        <!--{content}--><!--{\/content}-->\n    <\/div>\n    <!--[\/spacer]-->\n\n    \n","protected":false},"excerpt":{"rendered":"","protected":false},"author":1,"featured_media":0,"parent":0,"menu_order":2,"comment_status":"closed","ping_status":"closed","template":"","meta":{"footnotes":""},"class_list":["post-7","page","type-page","status-publish","hentry"],"_links":{"self":[{"href":"https:\/\/notariuszkrol.pl\/index.php\/wp-json\/wp\/v2\/pages\/7","targetHints":{"allow":["GET"]}}],"collection":[{"href":"https:\/\/notariuszkrol.pl\/index.php\/wp-json\/wp\/v2\/pages"}],"about":[{"href":"https:\/\/notariuszkrol.pl\/index.php\/wp-json\/wp\/v2\/types\/page"}],"author":[{"embeddable":true,"href":"https:\/\/notariuszkrol.pl\/index.php\/wp-json\/wp\/v2\/users\/1"}],"replies":[{"embeddable":true,"href":"https:\/\/notariuszkrol.pl\/index.php\/wp-json\/wp\/v2\/comments?post=7"}],"version-history":[{"count":18,"href":"https:\/\/notariuszkrol.pl\/index.php\/wp-json\/wp\/v2\/pages\/7\/revisions"}],"predecessor-version":[{"id":157,"href":"https:\/\/notariuszkrol.pl\/index.php\/wp-json\/wp\/v2\/pages\/7\/revisions\/157"}],"wp:attachment":[{"href":"https:\/\/notariuszkrol.pl\/index.php\/wp-json\/wp\/v2\/media?parent=7"}],"curies":[{"name":"wp","href":"https:\/\/api.w.org\/{rel}","templated":true}]}}