{"id":13,"date":"2022-03-31T19:48:52","date_gmt":"2022-03-31T17:48:52","guid":{"rendered":"https:\/\/notariuszkrol.pl\/?page_id=13"},"modified":"2022-08-10T11:14:10","modified_gmt":"2022-08-10T09:14:10","slug":"przetwarzanie-danych-osobowych","status":"publish","type":"page","link":"https:\/\/notariuszkrol.pl\/index.php\/przetwarzanie-danych-osobowych\/","title":{"rendered":"RODO"},"content":{"rendered":"\n    <!--[spacer]-->\n    <style>\n.bd-spacer-1128450736{height:40px;}<\/style>    <div class=\" bd-spacer-1128450736  clearfix\">\n        <!--{content}--><!--{\/content}-->\n    <\/div>\n    <!--[\/spacer]-->\n\n    \n    <!--[text]-->\n        <style>\nh1.additional-class-637480359{\n\tline-height:  51.42857144px;\n\tfont-size:  36px;\n\ttext-align:  center;\n\ttext-decoration:  solid #555555;\n}\n<\/style>        <h1 class=\" additional-class-637480359  bd-content-element\">\n            <!--{content}-->\n                Przetwarzanie danych osobowych            <!--{\/content}-->\n        <\/h1>\n    <!--[\/text]-->\n\n\n    <!--[separator]-->\n    <style>\n.bd-separator-1895918136{margin-bottom:20px;padding:10px 0px;}<\/style>        <style>\n.bd-separator-1895918136 .bd-separator-inner:before, .bd-separator-1895918136 .bd-separator-inner:after{border-top:1px solid #0c3240;}<\/style>    <style>\n.bd-separator-1895918136 .bd-separator-inner{width:55%;}<\/style>\n    <div class=\" bd-separator-1895918136  bd-separator-center bd-separator-content-center clearfix\">\n        <div class=\"bd-container-inner\">\n            <div class=\"bd-separator-inner\">\n                                <!--{content}--><!--{\/content}-->\n            <\/div>\n        <\/div>\n    <\/div>\n    <!--[\/separator]-->\n\n    \n    <!--[section]-->\n\t\t\t\t<section id=section4 class=\" bd-section-1952871946  bd-tagstyles\" data-section-title=\"One \u0421olumn\">\n\t\t\t<div class=\"bd-container-inner bd-margins clearfix\">\n\t\t\t\t<!--{content}-->\n\t\t\t\t\t    <!--[columns]-->\n        <style>\n.bd-layoutcontainer-1429143541  > .bd-container-inner > .container-fluid:after{display:none;}<\/style><style>\n.bd-layoutcontainer-1429143541 > .bd-container-inner > .container-fluid, .bd-layoutcontainer-1429143541 > .bd-container-inner > .container-fluid > .row{height:100%;}<\/style><style>.bd-layoutcontainer-1429143541 > .bd-container-inner > .container-fluid {padding-left: 0; padding-right: 0;}<\/style>        <style>\n.bd-layoutcolumn-757617012{margin-right:40px;margin-left:40px;}<\/style>        <div class=\" bd-layoutcontainer-1429143541  bd-columns bd-no-margins\">\n            <div class=\"bd-container-inner\">\n                <div class=\"container-fluid\">\n                    <div class=\"row bd-row-flex bd-row-align-middle\">\n                        <!--{content}-->\n                                <!--[column]-->\n        <div class=\"col-xs-12 bd-columnwrapper-757617012\">\n            <div class=\"bd-column  bd-layoutcolumn-757617012  bd-no-margins\">\n                <div class=\"bd-vertical-align-wrapper\">\n                    <!--{content}-->\n                            <!--[text]-->\n        <style>\n.additional-class-1540770464{\n\ttext-align:  justify;\n}\n<\/style>        <p class=\" additional-class-1540770464  bd-content-element\">\n            <!--{content}-->\n                <span id=\"docs-internal-guid-9be0c45a-7fff-197f-3030-98f49871506e\">Zgodnie z obowi\u0105zuj\u0105cymi przepisami informuj\u0119 o zasadach przetwarzania danych osobowych Klient\u00f3w Kancelarii Notarialnej prowadzonej przez King\u0119 Kr\u00f3l - \u015acigock\u0105.<\/span><span><br><\/span>            <!--{\/content}-->\n        <\/p>\n    <!--[\/text]-->\n\n\t\n\t\t    <!--[text]-->\n        <style>\n@media (max-width: 767px) {.additional-class-230378171{\n\ttext-align:  justify;\n}\n}<\/style>        <p class=\" additional-class-230378171  bd-content-element\">\n            <!--{content}-->\n                Administratorem Pa\u0144stwa danych osobowych jest notariusz Kinga Kr\u00f3l - \u015acigocka z siedzib\u0105: 31-870 Krak\u00f3w, ul. Mieczys\u0142awa Medweckiego nr 7\/U6, nr tel.: 786 08 07 00, adres e-mail: kks@notariuszkrol.pl. We wszelkich sprawach dotycz\u0105cych przetwarzania danych osobowych przez notariusza King\u0119 Kr\u00f3l - \u015acigock\u0105 prosz\u0119 o kontakt z notariuszem King\u0105 Kr\u00f3l \u2013 \u015acigock\u0105.            <!--{\/content}-->\n        <\/p>\n    <!--[\/text]-->\n\n\t\n\t\t    <!--[text]-->\n        <style>\n.additional-class-1549752961{height:80px;}\n@media (max-width: 767px) {.additional-class-1549752961{margin-bottom:279px;}}\n.additional-class-1549752961{\n\ttext-align:  justify;\n}\n\n@media (max-width: 767px) {.additional-class-1549752961{\n\ttext-align:  justify;\n}\n}<\/style>        <p class=\" additional-class-1549752961  bd-content-element\">\n            <!--{content}-->\n                <span id=\"docs-internal-guid-3743732d-7fff-5727-aae2-f80c673cec81\">Dane osobowe, kt\u00f3re notariusz Kinga Kr\u00f3l \u2013 \u015acigocka otrzyma\u0142a od Pa\u0144stwa b\u0119d\u0105 wykorzystywane wy\u0142\u0105cznie do cel\u00f3w zwi\u0105zanych z realizacj\u0105 czynno\u015bci notarialnych podejmowanych na Pa\u0144stwa zlecenie na podstawie Ustawy z dnia 14 lutego 1991 roku prawo o notariacie. B\u0119d\u0105 one r\u00f3wnie\u017c wykorzystywane w ramach wykonywania obowi\u0105zk\u00f3w wynikaj\u0105cych z odr\u0119bnych przepis\u00f3w zwi\u0105zanych z tymi czynno\u015bciami, czyli pobieraniem podatk\u00f3w i op\u0142at, w tym op\u0142at s\u0105dowych, wobec czego Pa\u0144stwa dane osobowe b\u0119d\u0105 przekazywane s\u0105dom i organom skarbowym.<\/span><br><span><br><\/span>            <!--{\/content}-->\n        <\/p>\n    <!--[\/text]-->\n\n\t\n\t\t    <!--[text]-->\n        <style>\n@media (max-width: 767px) {.additional-class-45977639{margin-top:279px;}}\n.additional-class-45977639{\n\ttext-align:  justify;\n}\n<\/style>        <p class=\" additional-class-45977639  bd-content-element\">\n            <!--{content}-->\n                <span id=\"docs-internal-guid-cb529cb9-7fff-7cec-b4c7-aa7db428fbfc\">Pa\u0144stwa dane osobowe s\u0105 wykorzystywane przez Notariusza King\u0119 Kr\u00f3l - \u015acigock\u0105 w zwi\u0105zku z obowi\u0105zuj\u0105cymi wymogami prawnymi, to jest wykonywan\u0105 funkcj\u0105 i zadaniami. Oznacza to, \u017ce maj\u0105 Pa\u0144stwo obowi\u0105zek podania danych osobowych niezb\u0119dnych do prawid\u0142owego (zgodnego z prawem) wykonania czynno\u015bci notarialnych. Odmowa przekazania tych informacji Notariuszowi uniemo\u017cliwia przeprowadzenie czynno\u015bci notarialnych.<\/span>            <!--{\/content}-->\n        <\/p>\n    <!--[\/text]-->\n\n\t\n\t\t    <!--[text]-->\n        <style>\n.additional-class-117289593{\n\ttext-align:  justify;\n}\n<\/style>        <p class=\" additional-class-117289593  bd-content-element\">\n            <!--{content}-->\n                <span id=\"docs-internal-guid-2df10d4a-7fff-99e4-f555-ce9f3c103206\">Notariusz ma obowi\u0105zek prawny przechowywania Pa\u0144stwa danych osobowych przez okres 10 lat od momentu zako\u0144czenia czynno\u015bci notarialnej, w zwi\u0105zku z kt\u00f3r\u0105 otrzyma\u0142 te dane. Posiadaj\u0105 Pa\u0144stwo prawo dost\u0119pu do tre\u015bci swoich danych osobowych, prawo do ich sprostowania, usuni\u0119cia danych przetwarzanych bezpodstawnie, jak i r\u00f3wnie\u017c prawo do ograniczenia ich przetwarzania\/prawo do cofni\u0119cia zgody, prawo do przenoszenia danych, prawo do wniesienia sprzeciwu wobec przetwarzania Pa\u0144stwa danych osobowych.<\/span><br><span><br><\/span>            <!--{\/content}-->\n        <\/p>\n    <!--[\/text]-->\n\n\t\n\t\t    <!--[text]-->\n        <style>\n.additional-class-899564039{\n\ttext-align:  justify;\n}\n<\/style>        <p class=\" additional-class-899564039  bd-content-element\">\n            <!--{content}-->\n                <span id=\"docs-internal-guid-3d66d159-7fff-c390-fe5a-1258bc357ac6\">Je\u017celi b\u0119d\u0105 Pa\u0144stwo mieli zastrze\u017cenia zwi\u0105zane z dzia\u0142aniami Notariusza Kingi Kr\u00f3l - \u015acigockiej, kt\u00f3re dotyczy\u0107 b\u0119d\u0105 przetwarzania Pa\u0144stwa danych osobowych, mog\u0105 Pa\u0144stwo zwr\u00f3ci\u0107 si\u0119 do Prezesa Urz\u0119du Ochrony Danych Osobowych.<\/span><br><span><br><\/span>            <!--{\/content}-->\n        <\/p>\n    <!--[\/text]-->\n                    <!--{\/content}-->\n                <\/div>\n            <\/div>\n        <\/div>\n    <!--[\/column]-->\n                        <!--{\/content}-->\n                    <\/div>\n                <\/div>\n            <\/div>\n        <\/div>\n    <!--[\/columns]-->\n\t\t\t\t<!--{\/content}-->\n\t\t\t<\/div>\n\t\t<\/section>\n\t<!--[\/section]-->\n\n","protected":false},"excerpt":{"rendered":"","protected":false},"author":1,"featured_media":0,"parent":0,"menu_order":4,"comment_status":"closed","ping_status":"closed","template":"","meta":{"footnotes":""},"class_list":["post-13","page","type-page","status-publish","hentry"],"_links":{"self":[{"href":"https:\/\/notariuszkrol.pl\/index.php\/wp-json\/wp\/v2\/pages\/13","targetHints":{"allow":["GET"]}}],"collection":[{"href":"https:\/\/notariuszkrol.pl\/index.php\/wp-json\/wp\/v2\/pages"}],"about":[{"href":"https:\/\/notariuszkrol.pl\/index.php\/wp-json\/wp\/v2\/types\/page"}],"author":[{"embeddable":true,"href":"https:\/\/notariuszkrol.pl\/index.php\/wp-json\/wp\/v2\/users\/1"}],"replies":[{"embeddable":true,"href":"https:\/\/notariuszkrol.pl\/index.php\/wp-json\/wp\/v2\/comments?post=13"}],"version-history":[{"count":21,"href":"https:\/\/notariuszkrol.pl\/index.php\/wp-json\/wp\/v2\/pages\/13\/revisions"}],"predecessor-version":[{"id":146,"href":"https:\/\/notariuszkrol.pl\/index.php\/wp-json\/wp\/v2\/pages\/13\/revisions\/146"}],"wp:attachment":[{"href":"https:\/\/notariuszkrol.pl\/index.php\/wp-json\/wp\/v2\/media?parent=13"}],"curies":[{"name":"wp","href":"https:\/\/api.w.org\/{rel}","templated":true}]}}